at is 31f + -1?
31e
In base 5, what is 12222 + -22?
12200
In base 13, what is 33 + 3?
36
In base 13, what is 338 - 4?
334
In base 7, what is 13 + 15?
31
In base 9, what is 7 - 12?
-4
In base 4, what is 0 - 323?
-323
In base 5, what is -11 + 2?
-4
In base 16, what is 24 - -5?
29
In base 4, what is 1213 + 13?
1232
In base 8, what is 101 - -56?
157
In base 11, what is 5 + 9?
13
In base 10, what is -55 - -5?
-50
In base 3, what is 21102 - 10?
21022
In base 6, what is -210 + 0?
-210
In base 15, what is -2e1 - -1?
-2e0
In base 4, what is 100 - 112?
-12
In base 6, what is 10 - 1343?
-1333
In base 3, what is -1 - -1120120?
1120112
In base 6, what is -5 + -1102?
-1111
In base 2, what is -110011 + 1?
-110010
In base 5, what is 113 + -4?
104
In base 9, what is 5 - 83?
-77
In base 10, what is -9 - -126?
117
In base 2, what is 111111000101010 + 100?
111111000101110
In base 5, what is 4111 - 203?
3403
In base 5, what is -400 + -3?
-403
In base 15, what is 3ca + -2?
3c8
In base 12, what is -3 - -19?
16
In base 9, what is -47 + -1?
-48
In base 16, what is 85 - -2?
87
In base 10, what is 5 - 4083?
-4078
In base 4, what is 31 + 13?
110
In base 10, what is -29106 - -5?
-29101
In base 9, what is 4 - 2464?
-2460
In base 13, what is -13b4 - 2?
-13b6
In base 6, what is -3104 + 0?
-3104
In base 2, what is -10 + 1111011?
1111001
In base 12, what is -490 + -4?
-494
In base 9, what is 5 + 51?
56
In base 16, what is -c19 + -4?
-c1d
In base 9, what is 8 + 1125?
1134
In base 9, what is 4 + 42?
46
In base 15, what is -2cc + 4?
-2c8
In base 10, what is 6 + -43?
-37
In base 14, what is 4 + -63?
-5d
In base 6, what is -100131 + 2?
-100125
In base 13, what is -3 + 259?
256
In base 6, what is 1530 + 10?
1540
In base 9, what is 4 + 138?
143
In base 2, what is 110100100001 + 100?
110100100101
In base 5, what is 42 + 3?
100
In base 4, what is 10 + 3?
13
In base 2, what is 1111001011010 + 11?
1111001011101
In base 9, what is 288 - -3?
302
In base 7, what is -3 - -1524?
1521
In base 4, what is 31 + -2110?
-2013
In base 2, what is 100011 - -110?
101001
In base 8, what is 147 + 5?
154
In base 6, what is 3 + -354?
-351
In base 2, what is -1011 + 11001001?
10111110
In base 4, what is 121 + 2?
123
In base 16, what is f - e?
1
In base 5, what is -2 - 243?
-300
In base 6, what is 13 - 24000?
-23543
In base 14, what is 143 - d?
134
In base 12, what is 14371 - -5?
14376
In base 6, what is 31 + -22?
5
In base 4, what is -2 + 1?
-1
In base 11, what is 7797 - -5?
77a1
In base 3, what is -22 - -2?
-20
In base 15, what is 1d4 + -1?
1d3
In base 11, what is 844 - 2?
842
In base 11, what is 1804 + 2?
1806
In base 8, what is 26 + 314?
342
In base 16, what is 2 + -48?
-46
In base 13, what is -1 + -60?
-61
In base 10, what is 52 + -3?
49
In base 13, what is 3 + -1a?
-17
In base 9, what is -6 + 183?
176
In base 14, what is -501 + 6?
-4d9
In base 2, what is 11011011010 + 10?
11011011100
In base 15, what is -24d + 3?
-24a
In base 11, what is -4 + -171?
-175
In base 14, what is 7 + 9?
12
In base 3, what is 12 + 1220?
2002
In base 12, what is 505 - 2?
503
In base 6, what is -21401 + 1?
-21400
In base 13, what is -135 - 7?
-13c
In base 16, what is 4 + -9?
-5
In base 12, what is -4 + -41b?
-423
In base 13, what is 1 - -291?
292
In base 12, what is -1 + -1a?
-1b
In base 7, what is 2 + -106?
-104
In base 4, what is 10 - -320?
330
In base 12, what is 3 - 269?
-266
In base 10, what is 8 + -136?
-128
In base 3, what is 2 - -210021?
210100
In base 11, what is -5 - 32?
-37
In base 15, what is 93 - 4?
8e
In base 8, what is 15 + 1141?
1156
In base 15, what is 3 - -7?
a
In base 9, what is -2 + -60?
-62
In base 9, what is 404 + -5?
388
In base 16, what is 44 - 39?
b
In base 11, what is 2 - -2009?
2010
In base 8, what is -247 - 5?
-254
In base 11, what is -1 - -153?
152
In base 6, what is 222 - 1?
221
In base 8, what is 323 + 6?
331
In base 12, what is 1765 - 1?
1764
In base 10, what is 88 - 2?
86
In base 15, what is 1c3 - d?
1b5
In base 5, what is -323 - -4?
-314
In base 8, what is -4 - -523?
517
In base 10, what is -68 - 8?
-76
In base 7, what is -42 + 55?
13
In base 8, what is -2402 + -3?
-2405
In base 3, what is 2211002 + 10?
2211012
In base 8, what is 4 - 25?
-21
In base 13, what is 35 + -1?
34
In base 5, what is 110 + -4?
101
In base 11, what is -4 - 289?
-292
In base 2, what is -1111 + -10?
-10001
In base 12, what is -3 - -a7?
a4
In base 6, what is -101 - -125?
24
In base 10, what is -5474 + -4?
-5478
In base 5, what is 4 + 430?
434
In base 9, what is -10 + -2?
-12
In base 7, what is -2 + -464?
-466
In base 12, what is -6a - -4?
-66
In base 13, what is -7a + -5?
-82
In base 7, what is 4 + -1201?
-1164
In base 15, what is 52 - 9?
48
In base 4, what is -303 + 2?
-301
In base 4, what is -12 + -3?
-21
In base 11, what is 395 - -5?
39a
In base 16, what is d5 + 6?
db
In base 14, what is -5 + 30?
29
In base 2, what is -100 - -11111?
11011
In base 16, what is -b - 11?
-1c
In base 14, what is -82 + 3?
-7d
In base 14, what is 943 + 3?
946
In base 2, what is -1 - 101001100?
-101001101
In base 15, what is 273 + 3?
276
In base 3, what is 10202 - 11?
10121
In base 9, what is 2 - 5180?
-5177
In base 13, what is -688 + 7?
-681
In base 11, what is -92 - 5?
-97
In base 7, what is 6 - 311?
-302
In base 11, what is 20 - 23?
-3
In base 2, what is 0 - -110111?
110111
In base 14, what is d - -442?
451
In base 13, what is 5 + 375?
37a
In base 8, what is 24 + -4?
20
In base 15, what is ae + 4?
b3
In base 5, what is -2102 - 11?
-2113
In base 13, what is -4 - -405?
401
In base 15, what is -c4 + -4?
-c8
In base 10, what is 0 + -455?
-455
In base 2, what is -101 + -11000001010?
-11000001111
In base 12, what is 7 + -24?
-19
In base 9, what is -71 - -4?
-66
In base 15, what is 5 - 21?
-1b
In base 5, what is 1 - 13341?
-13340
In base 15, what is -257 + 9?
-24d
In base 11, what is 26a9 + -5?
26a4
In base 16, what is 4 + 655?
659
In base 8, what is 11 + 12?
23
In base 11, what is -16aa + -5?
-1704
In base 2, what is 10010 - -10100?
100110
In base 16, what is -3 - 590?
-593
In base 9, what is -102 + 5?
-86
In base 3, what is 21 + 201?
222
In base 12, what is -66 - 6?
-70
In base 7, what is -2 - -330?
325
In base 6, what is -535 + 5?
-530
In base 2, what is 10 - -110000?
110010
In base 12, what is -14 - 6?
-1a
In base 7, what is -2 - 200?
-202
In base 14, what is 7 - -24?
2b
In base 15, what is 5a - 2?
58
In base 14, what is -11d - -4?
-119
In base 4, what is 121023 + 10?
121033
In base 11, what is -2 + 1278?
1276
In base 2, what is -1000 - -100?
-100
In base 8, what is 3 - -104?
107
In base 12, what is 533 + 5?
538
In base 5, what is 4 + -3431?
-3422
In base 14, what is d - -c?
1b
In base 5, what is 3 - -12030?
12033
In base 11, what is -1 - -157?
156
In base 6, what is -2 + 100?
54
In base 11, what is 1 + -8a7?
-8a6
In base 8, what is 347 + -3?
344
In base 11, what is -5 - 61?
-66
In base 11, what is -8293 - 2?
-8295
In base 12, what is -218 - 3?
-21b
In base 16, what is -25b - 1?
-25c
In base 12, what is -8 + 1?
-7
In base 9, what is -11 + -10?
-21
In base 10, what is 556 + -1?
555
In base 6, what is -20 - -1152?
1132
In base 12, what is 53a + 4?
542
In base 10, what is -23 + -3?
-26
In base 9, what is 0 - -130?
130
In base 2, what is 100 - -111111110?
1000000010
In base 16, what is -38 + 5?
-33
In base 10, what is -417 - 12?
-429
In base 13, what is 1 + b16?
b17
In base 3, what is 2220 - 1120?
1100
In base 2, what is -11 + 1011011?
1011000
In base 4, what is -1 - -22?
21
In base 12, what is -30 + -16?
-46
In base 12, what is 155 - -3?
158
In base 12, what is 4 - -1131?
1135
In base 10, what is -174 + -10?
-184
In base 12, what is 4 - -a8?
b0
In base 8, what is 1605 + -4?
1601
In base 6, what is 325 - -11?
340
In base 14, what is -8 + -c4c?
-c56
In base 13, what is -a3 - 43?
-116
In base 10, what is -51 - -2?
-49
In base 9, what is -3 + 46?
43
In base 4, what is 233 - 13?
220
In base 2, what is -11 - -11100?
11001
In base 5, what is 114 - -24?
143
In base 6, what is -5 - 330?
-335
In base 14, what is 0 + -bb?
-bb
In base 6, what is -12433 - 1?
-12434
In base 2, what is 11 + 101100010001?
101100010100
In base 6, what is 3 + 35?
42
In base 15, what is 7d + a?
88
In base 13, what is 978 + -1?
977
In base 3, what is -1 + 21121?
21120
In base 6, w